remainder when 591 is divided by g(8).
15
Suppose -15*n = -404 - 196. Calculate the remainder when 60 is divided by n.
20
Let r = -26 - -28. Suppose -5*j = -3*o + 2*o + 38, 0 = 3*o + r*j - 46. What is the remainder when o is divided by (-10)/35 + 144/14?
8
Calculate the remainder when 590/(-354) - ((-178)/6 - 0) is divided by 18.
10
Let x(h) = h**2 + 7*h + 7. Calculate the remainder when x(-7) is divided by (5 - (14 + -8))*-3.
1
Calculate the remainder when 119 is divided by 30/(-60) + (-63)/(-2).
26
Let c = 116 + -64. Calculate the remainder when c is divided by (9/(-6))/((-4)/(-24)*-1).
7
Let i be (488/(-3))/(10/(-15)) + -4. Suppose -55*k + 61*k = i. What is the remainder when k is divided by 11?
7
Suppose -48*w + 11*w + 3034 = 0. What is the remainder when 158 is divided by w?
76
Let p(q) = 2*q**2 - 3*q + 2. Let d be p(2). Suppose z - 1 = -d, 0 = -5*a + z + 18. What is the remainder when 23 is divided by a/(-4) + (-245)/(-28)?
7
Calculate the remainder when (-4)/30 - (-25109)/105 is divided by 22.
19
Suppose -17*x = -60*x + 172. Calculate the remainder when 90 is divided by x.
2
Let c be ((-706)/(-4) - -1)*(-16)/(-20). Let j = -80 + c. Calculate the remainder when j is divided by 34.
28
Let x be (120/(-96))/(1/(-36)). Calculate the remainder when (3 + x)*15/20 is divided by 19.
17
Calculate the remainder when (-1738)/(-44) + 7/(-2) is divided by 28.
8
Let k(j) = -j**3 + 7*j**2 - 5*j - 2. Let a be k(6). Let z(y) = -y**3 + 5*y**2 - 2*y - 4. What is the remainder when z(a) is divided by 1?
0
Suppose -2*s - 4*w = -3*s, s = -2*w + 24. Let f be 5/(45/3612) + (-8)/6. Calculate the remainder when 6/14 + f/14 is divided by s.
13
Let z(m) = -5*m - 3*m**2 - 4*m + 4*m**2 + 5 + 1. Let i = -47 + 108. Calculate the remainder when i is divided by z(10).
13
Calculate the remainder when (-16)/(-32) - (-33)/2 is divided by ((-1)/((-3)/(-2)))/(172/(-1290)).
2
Suppose 4*b = 3*v + 324 + 205, -v - 3 = 0. Suppose 4*x - 149 - 95 = -4*g, 0 = 5*g + 2*x - 323. Calculate the remainder when b is divided by g.
63
Let j = -393 + 403. What is the remainder when 468 is divided by j?
8
Let d be 36/27 + (-2)/(-3). Suppose 4*i - 8 = 5*j - d*j, 4*i + 4*j = 8. What is the remainder when i + 0 + (1 - -15) is divided by 10?
8
What is the remainder when 21 - 20 - (-966 - 3) is divided by 36?
34
Let w be 3/(-1 - 75/(-84)). Calculate the remainder when 32 is divided by (-315)/w - (-1)/(-4).
10
Let l(x) = 4 + 6 - 2*x - 1 + 2*x**2. Suppose 0 = -32*w + 26*w + 36. What is the remainder when l(w) is divided by 18?
15
Let s = 170 + 29. What is the remainder when s is divided by 8?
7
Suppose -5*m - 2*y = -43 + 3, 0 = 3*m - 2*y - 24. Calculate the remainder when m is divided by 6.
2
Let w = 45 - 33. Suppose -5*l + 134 = 3*k, 5*k - 149 = -5*l - 19. What is the remainder when l is divided by -2 + 8/6 - (-80)/w?
4
Suppose 68*b = 75*b - 217. What is the remainder when 178 is divided by b?
23
Let x(s) = -s**2 - 38*s - 116. What is the remainder when 151 is divided by x(-33)?
4
Let j(a) = -a - 3. Let p be j(-5). Suppose -6*m = -p*m + 340. Let r = -49 - m. What is the remainder when r is divided by 13?
10
Suppose 0 = 4*l - 3*k - 28, 0*k + k + 20 = 4*l. Let d(s) = -s**3 + 5*s**2 - 6*s + 9. Calculate the remainder when 1 is divided by d(l).
0
Calculate the remainder when 272 is divided by (-1102)/(-87) + (-2)/(-6).
12
Let o = 734 - 707. What is the remainder when 90 is divided by o?
9
Let q be 0/(-5) + 1 - -9. Suppose 5*g - 35 = j + q, -13 = -g + j. Calculate the remainder when 15 is divided by g.
7
Suppose 2*j + 84 = d, -23*d + 22*d - j = -69. What is the remainder when d is divided by 25?
24
Let j = 2 - 0. Suppose -j*m + 51 - 3 = 0. What is the remainder when m is divided by (1/(-1 + 0))/(((-216)/84)/18)?
3
Let r(v) = -155*v + 878. Suppose 0 = -l + 1 + 25. What is the remainder when r(4) is divided by l?
24
Suppose 0 = -2*b - 8, -3*x + 3*b + 2124 = 789. Suppose 11*n - 4*n = x. Calculate the remainder when n is divided by 14.
7
Suppose -4*f + 87 + 113 = 0. Let a = 4 - f. Let r = -20 - a. What is the remainder when 49 is divided by r?
23
Let c(i) be the first derivative of 14*i - 8 - 1/2*i**2. Calculate the remainder when 60 is divided by c(-7).
18
Let v = -842 + 904. Calculate the remainder when v is divided by ((-78)/9)/(4/(-6)).
10
Let z = 1151 + -1145. What is the remainder when 1/2*(23 - -1) is divided by z?
0
Suppose -84 = -3*u - w, -36 = -10*u + 9*u - 3*w. What is the remainder when 67 is divided by u?
13
Suppose 3*s + 366 = 1368. Suppose 22*i - 20*i = s. Calculate the remainder when i is divided by 12.
11
Let s(j) = j**3 + 23*j**2 - 5*j + 19. Suppose 2*l = 6*l + 92. Calculate the remainder when s(l) is divided by 34.
32
Let o = 349 - 292. Let u = -5 - -20. Calculate the remainder when o is divided by u.
12
Let b = -9 + 17. Let f(i) = -23*i + 1405. What is the remainder when f(58) is divided by b?
7
Let k be 34/(-9) + (-14)/63. Let d be 2/k - 65/(-10). Calculate the remainder when 15 is divided by -2*(-33)/d + -2.
6
Suppose 2*t + 23 = 173. What is the remainder when 249 is divided by t?
24
Let b = -15 + 12. Let p be (8/b)/((-6)/9). Suppose -p*c = -j - 33, 15 = c + j + j. Calculate the remainder when c is divided by 6.
3
Suppose 4*n + 4*i = 2056, 8*n - 5*i = 12*n - 2061. Calculate the remainder when n is divided by 43.
36
Let u = 299 - 261. Calculate the remainder when 261 is divided by u.
33
Let w = -13 + 98. Suppose -44 = -5*t + t. Calculate the remainder when 10/w + (-321)/(-17) is divided by t.
8
Let c(f) be the second derivative of -f**3/6 + f**2 + 2*f. Calculate the remainder when 6 is divided by c(-4).
0
Let u = -72 - -117. Let o(l) = -l**3 - l**2 + l - 1. Let y(k) = 10*k**2 - 17*k + 3. Let z(x) = -o(x) - y(x). Calculate the remainder when u is divided by z(7).
9
What is the remainder when 109 is divided by ((-7 - -4) + 4)/(5/40)?
5
Let n(d) be the third derivative of d**2 + 1/30*d**5 + 0*d + 0 + 0*d**3 - 1/24*d**4. Calculate the remainder when 21 is divided by n(2).
3
Let r(a) = -3*a - 7. Let c be r(-7). Suppose 4*k - k + c = l, 24 = 2*l - 5*k. Let u = l + 1. What is the remainder when u is divided by 1?
0
Suppose 5 = c + 4*c. Calculate the remainder when c/3*(7 - -26) is divided by 5.
1
Suppose -2*u + 15 = 3*u. Suppose u + 29 = i. What is the remainder when 158 is divided by i?
30
Let n be (-24)/(-60) + 6/10. Let m be 6/(-3) - 4/n. Calculate the remainder when 13 is divided by ((-2)/m)/(9/81).
1
Suppose -2*g + 91 = -59. Calculate the remainder when g is divided by 10.
5
Let p(i) = -15*i + 107. What is the remainder when 6 is divided by p(7)?
0
Suppose -5*l - o + 113 = 20, -5*l + 96 = 2*o. What is the remainder when 59 is divided by l?
5
Let n = -166 - -224. What is the remainder when n is divided by 12?
10
Suppose -448 = -31*v - v. Calculate the remainder when 615 is divided by v.
13
Let q be (3/(-2))/(-3)*-1328. Let h = 1074 + q. Suppose 220 + h = 6*y. What is the remainder when y is divided by 27?
24
Calculate the remainder when (1 + -4)/((72/628)/(-6)) is divided by 37.
9
Let i = 91 + -69. Let w(a) = 123*a**3 + 5*a + 7. Let j(z) = -62*z**3 - 2*z - 3. Let l(p) = 9*j(p) + 4*w(p). What is the remainder when l(-1) is divided by i?
21
What is the remainder when (-1 + 40/(-6))*(16 + -22) is divided by 7?
4
Let s be 694/8 - 1/(-4). Let a(g) = -6*g**2 - 11*g - 7. Let x be a(-3). Let p = x + s. What is the remainder when p is divided by 20?
19
Calculate the remainder when 119 is divided by (-6 - 28/(-4))*25.
19
Let w be (-1 - -5) + (-8 - 0). Calculate the remainder when (-1)/5 + (-302)/(-10) is divided by 10 - (-4 + 7 + w).
8
Let v be (4 - 2) + -2 + 4. Let g be (-16)/(-40) + (-204)/(-15) + 1. Suppose -19 = -v*l - g. What is the remainder when l is divided by 1?
0
Suppose 2*k - 15 = 1. Suppose -4*w + 61 = -15. Let v = w + 3. What is the remainder when v is divided by k?
6
Let j(d) = d**3 - 8*d**2 + 9*d - 12. Let a be j(7). Suppose -60 = -7*u + a*u. Let x(t) = t - 6. Calculate the remainder when 41 is divided by x(u).
5
Let h(c) = c**3 - 4*c**2 + 5*c - 4. Calculate the remainder when 110 is divided by h(4).
14
Let y(t) = t**3 - 24*t**2 + 26*t + 73. What is the remainder when y(23) is divided by 49?
44
Let r(h) = -4*h**2 - 2*h - 2. Let s(j) = 1. Let l(u) = -r(u) - 5*s(u). Calculate the rem